e the second derivative of 38*t**3/3 + 3*t**2 + 5*t. Is x(2) prime?
False
Let y(t) = -t**3 + 6*t**2 - 4. Let b be y(6). Let r(f) = -3*f + 94. Let a be r(31). Is (94/b)/(a/(-6)) prime?
False
Let k(p) = -100732*p**3 + 23*p**2 + 23*p + 1. Is k(-1) a composite number?
False
Suppose 36 = 5*u + 6. Is ((-3118)/u)/((-8)/24) a prime number?
True
Suppose 26*g - 63079 = 959. Is g a prime number?
False
Let l be 18/(-12)*((-994)/6 + -3). Suppose -z + 497 = -4*o, -2*z + o = -755 - l. Is z a composite number?
True
Let t = 196 - 5. Is t composite?
False
Let w = -13341 - -18694. Is w prime?
False
Suppose -19 = -3*n - 7. Let k(p) = 13*p**2 + 2*p**2 + 1 - 2 - 3*p - n. Is k(-6) a prime number?
False
Let f = 6 - 11. Is ((-94)/8)/(f/20) a composite number?
False
Let r(i) = i**2 + 3*i + 2. Let l be r(-3). Let c be 1/l + 21/6. Suppose -c*u + 233 + 58 = v, -69 = -u - v. Is u prime?
False
Let d(q) = 8*q**2 + 173*q - 168*q + 14 - q**3 + 8*q**2. Let y be d(15). Let j = y + -81. Is j prime?
True
Suppose 3*x = -5*q + 269, 0*x = -q + 3*x + 61. Let r be (q - 0)/((-6)/(-36)). Let b = 953 - r. Is b composite?
True
Let u = -661 + 437. Let m = -133 - u. Is m a prime number?
False
Let z be 3771/(-54) + 2/(-12). Let o = -17 - z. Let p = o + -22. Is p a composite number?
False
Suppose -6*i = -23994 - 40584. Is i prime?
False
Let o(l) = l**3 - 2*l. Let q be o(0). Suppose q = 3*h, 2*h + 1228 = 4*z + h. Is z a composite number?
False
Let h(i) = 948*i + 5. Let v = 40 - 39. Is h(v) a composite number?
False
Let b(f) = 480*f + 4. Let n be b(-1). Let h = -903 + 1786. Let o = n + h. Is o composite?
True
Is 19643/3 - ((-12)/9 + 2) a composite number?
False
Let x(k) = 21*k**2 + 4*k + 3. Suppose -4*a + 4*i = 8, 9 = 2*a - 7*a + 4*i. Let b be (-1)/((-20)/16 - a). Is x(b) prime?
False
Let k be 0 + -2 + 3 + -1. Let w be (k*(3 + -4))/(-1). Suppose 0 = 5*u - 2*c - 379, w = 2*u + 3*u + 4*c - 397. Is u composite?
True
Let o(s) = -2*s - 16. Let g(m) = -3*m + 31. Let q be g(13). Let x be o(q). Suppose 3*i + 0*i + 4*v = 527, x = 2*i + 4*v - 358. Is i a composite number?
True
Suppose -29 = 2*l + 27. Let v = l - -47. Is v a composite number?
False
Let i(o) = -o**2 - 5*o + 8. Let l be i(-6). Suppose 0*k = -l*k. Suppose k = -d - d + 354. Is d composite?
True
Let k(j) = -322*j - 23. Let a be k(4). Let s = a - -1864. Is s prime?
False
Suppose 702 = p + h, -h - 2806 = -4*p - 3*h. Is p composite?
False
Suppose x + 4 = -1. Let c(g) = -8*g + 1. Let f(h) = 8*h. Let j(w) = x*c(w) - 6*f(w). Is j(-7) a composite number?
True
Suppose 0 = -i - 73 - 20. Let f = i + 130. Is f composite?
False
Suppose -2*a - u + 5 = 0, a = -2*u + 16 - 6. Is (-110 - 1)/(-1 - a) composite?
True
Let o(j) = 1693*j**2 + 2*j - 2. Is o(1) a prime number?
True
Let k = -12111 - -25426. Is k prime?
False
Let m = 24 + -20. Let o be 0/((m - 3)*1). Is (3 + -2)*(487 + o) a composite number?
False
Suppose 3*o - 2*b = 4217, b + 2 = -2. Is o a prime number?
False
Let w(q) = 79*q**3 - 2*q**2 + 3*q - 1. Let o(k) = 79*k**3 - k**2 + 2*k - 1. Let d(l) = 3*o(l) - 2*w(l). Is d(1) a prime number?
True
Let p(r) = 18*r**3 + 4*r**2 - r + 1. Let f be p(-4). Suppose -12 = -4*j - 0, -3*k - 3*j - 4911 = 0. Let z = f - k. Is z composite?
False
Let q(m) = -1544*m + 174. Is q(-8) prime?
False
Let c = -15 + 16. Let b be (2 + -3)/(c/(-4)). Is (b - (-4)/(-4)) + 36 a prime number?
False
Let d = 1094 - 639. Let i = d + 662. Is i prime?
True
Let a be (-3)/(-12) + 71/4. Let b = a + -16. Suppose -6*g + 220 = -g - 5*r, 0 = -2*r - b. Is g prime?
True
Let b(h) = -435*h - 13. Is b(-16) composite?
False
Let o(l) = -2232*l**3 - 15*l**2 - 14*l. Is o(-1) a prime number?
False
Suppose -5*x + 79 + 16 = 0. Suppose 0 = -15*u + x*u - 1508. Is u prime?
False
Suppose -146 = -6375*a + 6374*a. Let i = 427 + 0. Suppose i + a = 3*n. Is n prime?
True
Let t(y) = -y**3 + 9*y**2 + 12*y + 17. Is t(-8) a prime number?
True
Suppose 3*f - 21570 = -12*f. Let t = f - 77. Is t a composite number?
False
Let g(v) = 1318*v**3 - v**2 + 2*v. Is g(1) a composite number?
False
Let o(l) = -4*l + 3 - 9 - 1 + 19*l**2. Suppose 3*h + 3 = -2*j, -2*j - 4*h = -6*h + 18. Is o(j) composite?
False
Suppose -12 = -5*z + 3. Suppose 0*n - z*n = -w + 802, -2*w + 4*n + 1602 = 0. Is 1*(0 - 2) + w a prime number?
True
Let f(o) = 92*o**2 - 3*o + 2. Let k be (-2)/6 - (-57)/9. Suppose k*r - r = 5. Is f(r) a prime number?
False
Suppose -36*g + 45*g = 5283. Is g prime?
True
Suppose -5*j + 12 = -3*j. Suppose 5*l = 5*p - 30, -2*p - 6 = 2*l + j. Is (-46)/3*9/l composite?
False
Let z(d) = 19*d**2 - d + 1. Let m be z(1). Suppose -m - 11 = -k. Suppose 5*t - 3*p = 38, 0*p - 5*p = t - k. Is t a composite number?
True
Suppose 13815 = -j + 6*j. Suppose -4*z - 363 = -j. Suppose l = -2*g + z, g = 6*g + 5*l - 1510. Is g prime?
False
Let t be -4 - -5 - (1 + -2). Suppose 17 = -t*y - 1. Let l = y - -31. Is l a prime number?
False
Let o be (-2)/(-3) - (-52)/3. Let u(w) = -28*w - 12*w**2 + o*w + 16 + 41*w**2. Is u(5) a prime number?
True
Suppose 0 = 5*y - 15, -4*y + 13 = r - 178. Is r prime?
True
Let t = -860 + 348. Let y be (-4)/18 + t/(-36). Is 1032/y - 2/(-7) a composite number?
True
Let d(m) = 5*m**2 + 4 - 3 - 2*m + 2*m**2. Let f be d(1). Suppose -2*h + f*h - 2*c = 2998, 2*c + 3747 = 5*h. Is h a composite number?
True
Let k(y) = y**2 + 2*y - 3. Let t be k(3). Let u = -10 + t. Suppose -s + 35 = -u. Is s a composite number?
False
Suppose 862 - 4952 = -5*t - 3*y, -t = -3*y - 836. Let o = t - 490. Is o composite?
False
Let t(s) = 365*s**2 - 60*s + 1. Is t(6) a prime number?
True
Let n be (-1605)/(-3) + (-2 - 0). Let i = n + 240. Suppose 0 = 3*s + 5*w - i, -5*s + 1310 - 75 = -5*w. Is s composite?
False
Suppose -16*p + 21*p + 4*k = 48017, -3*p + 4*k = -28791. Is p prime?
True
Let g(i) = -313*i - 3. Let p be g(4). Let l be p/20 - 6/(-8). Let x = l - -355. Is x a composite number?
False
Let m(f) = -166*f - 6. Let w be m(-9). Let j = -127 + w. Is j a composite number?
False
Let m = -32 + -12. Is 6/8 + (-29315)/m a composite number?
True
Let n = 60562 - 42915. Is n prime?
False
Let a(w) be the second derivative of w**5/20 + w**4/6 - 3*w**2 - 13*w. Let o be a(6). Suppose v - 971 = o. Is v prime?
False
Suppose -4*r - 2756 = -8*r. Is r prime?
False
Suppose -4*p + l - 3 = 0, -p - 2*l + 6 = -6*p. Let k(o) = -o**3 + o**2 + 2*o + 502. Let f be k(p). Suppose f = u + u. Is u a composite number?
False
Is (-6)/(-39) + (-1414845)/(-65) composite?
False
Suppose 0 = -3*i + 4*c + 2446, 0 = -4*i - 5*c + 2777 + 505. Suppose -i = -24*q + 22*q. Is q prime?
True
Suppose 32*h - 20911 = 21*h. Is h a composite number?
False
Let o(p) = -7*p + 4. Let y(v) = 10*v - 6. Let u(s) = 7*o(s) + 5*y(s). Let j be u(12). Suppose j + 45 = g. Is g a composite number?
True
Suppose m = -6*m - 2359. Is (m*10)/(4/(-2)) a composite number?
True
Let l(d) = -d**3 - 1 + 5 - 4*d - 1 + 5*d**2. Let r be l(4). Is (1/r)/((-3)/(-531)) prime?
True
Let b(u) = -1450*u + 181. Is b(-4) composite?
False
Let r = -3280 - -7983. Is r a prime number?
True
Suppose c - 5*c + 70 = 2*l, -3*l = -15. Suppose 2*w + c = 5*w. Suppose -o + 91 = -2*f, -w*f = -3*o + 4*o - 70. Is o composite?
True
Suppose 25*v - 23*v - 194 = 0. Suppose -3*u - 8 = -26. Let y = v + u. Is y composite?
False
Let l = 52 + -115. Let t(j) = 33*j + 11. Let a be t(15). Let r = a + l. Is r prime?
True
Suppose 20*x = 25*x - 40. Is x/((-32)/(-7458)) - (-2)/4 composite?
True
Let i(w) = -w**3 - 13*w**2 - 27*w + 23. Is i(-18) prime?
True
Is (-31590)/(-2 + -4) + 8 composite?
False
Suppose 18*h - 116587 = -5*h. Is h a prime number?
False
Is ((-8074)/5)/(51/(-15) - -3) a composite number?
True
Let x(c) = -183*c**3 + c**2 + 2*c + 1. Let r be x(-1). Let g = r - 49. Is g prime?
False
Suppose 2*k = 4*v - 788, 4*v + 0*k = -3*k + 768. Let s = v + -68. Is s a composite number?
False
Suppose 0 = -2*j - 4*j - 24. Is (549 - (-2 + 6)) + j a prime number?
True
Suppose c + t - 4 = 0, t - 3*t - 2 = 0. Suppose c*p - p - 5036 = 0. Is p a composite number?
False
Suppose -2*k = -5*l - 14167, 19*k = 22*k - 2*l - 21223. Is k composite?
True
Let l(x) = -x**3 - 8*x**2 + 10*x + 9. Let f be l(-9). Suppose f = -5*y - p + 2679, -4*y + 2655 = y - 5*p. Is y composite?
True
Let g(c) = 4*c**3 + 2*c**2 - 2. Let l be g(1). Suppose l*s + 2*f - 5454 = -3*f, 3*s = -5*f + 4093. Is s a composite number?